{"version":"1.0","provider_name":"","provider_url":"https:\/\/credaf.org\/en","author_name":"sgcredaf","author_url":"https:\/\/credaf.org\/en\/author\/sgcredaf\/","title":"- PISD-MRIP : Appel \u00e0 contribution \u00abFiscalit\u00e9 et environnement\u00bb","type":"rich","width":600,"height":338,"html":"<blockquote class=\"wp-embedded-content\" data-secret=\"LqF4pc75vB\"><a href=\"https:\/\/credaf.org\/en\/pisd-mrip-appel-a-contribution-fiscalite-et-environnement\/\">PISD-MRIP : Appel \u00e0 contribution \u00abFiscalit\u00e9 et environnement\u00bb<\/a><\/blockquote><iframe sandbox=\"allow-scripts\" security=\"restricted\" src=\"https:\/\/credaf.org\/en\/pisd-mrip-appel-a-contribution-fiscalite-et-environnement\/embed\/#?secret=LqF4pc75vB\" width=\"600\" height=\"338\" title=\"&#8220;PISD-MRIP : Appel \u00e0 contribution \u00abFiscalit\u00e9 et environnement\u00bb&#8221; &#8212; \" data-secret=\"LqF4pc75vB\" frameborder=\"0\" marginwidth=\"0\" marginheight=\"0\" scrolling=\"no\" class=\"wp-embedded-content\"><\/iframe><script type=\"text\/javascript\">\n\/* <![CDATA[ *\/\n\/*! This file is auto-generated *\/\n!function(d,l){\"use strict\";l.querySelector&&d.addEventListener&&\"undefined\"!=typeof URL&&(d.wp=d.wp||{},d.wp.receiveEmbedMessage||(d.wp.receiveEmbedMessage=function(e){var t=e.data;if((t||t.secret||t.message||t.value)&&!\/[^a-zA-Z0-9]\/.test(t.secret)){for(var s,r,n,a=l.querySelectorAll('iframe[data-secret=\"'+t.secret+'\"]'),o=l.querySelectorAll('blockquote[data-secret=\"'+t.secret+'\"]'),c=new RegExp(\"^https?:$\",\"i\"),i=0;i<o.length;i++)o[i].style.display=\"none\";for(i=0;i<a.length;i++)s=a[i],e.source===s.contentWindow&&(s.removeAttribute(\"style\"),\"height\"===t.message?(1e3<(r=parseInt(t.value,10))?r=1e3:~~r<200&&(r=200),s.height=r):\"link\"===t.message&&(r=new URL(s.getAttribute(\"src\")),n=new URL(t.value),c.test(n.protocol))&&n.host===r.host&&l.activeElement===s&&(d.top.location.href=t.value))}},d.addEventListener(\"message\",d.wp.receiveEmbedMessage,!1),l.addEventListener(\"DOMContentLoaded\",function(){for(var e,t,s=l.querySelectorAll(\"iframe.wp-embedded-content\"),r=0;r<s.length;r++)(t=(e=s[r]).getAttribute(\"data-secret\"))||(t=Math.random().toString(36).substring(2,12),e.src+=\"#?secret=\"+t,e.setAttribute(\"data-secret\",t)),e.contentWindow.postMessage({message:\"ready\",secret:t},\"*\")},!1)))}(window,document);\n\/\/# sourceURL=https:\/\/credaf.org\/wp-includes\/js\/wp-embed.min.js\n\/* ]]> *\/\n<\/script>","description":"Dans le cadre de la nouvelle strat\u00e9gie interminist\u00e9rielle entre le minist\u00e8re de l\u2019Economie, des Finances et de la Relance et le minist\u00e8re de l\u2019Europe et des Affaires \u00e9trang\u00e8res (MEAE) de la France publi\u00e9e en juin 2020, l\u2019aide publique au d\u00e9veloppement fran\u00e7aise ambitionne de s\u2019impliquer davantage sur la mobilisation des ressources int\u00e9rieures publiques (MRIP). Afin d\u2019assurer une mise en \u0153uvre efficace"}

- PISD-MRIP : Appel à contribution «Fiscalité et environnement»

<blockquote class="wp-embedded-content" data-secret="LqF4pc75vB"><a href="https://credaf.org/en/pisd-mrip-appel-a-contribution-fiscalite-et-environnement/">PISD-MRIP : Appel à contribution «Fiscalité et environnement»</a></blockquote><iframe sandbox="allow-scripts" security="restricted" src="https://credaf.org/en/pisd-mrip-appel-a-contribution-fiscalite-et-environnement/embed/#?secret=LqF4pc75vB" width="600" height="338" title="&#8220;PISD-MRIP : Appel à contribution «Fiscalité et environnement»&#8221; &#8212; " data-secret="LqF4pc75vB" frameborder="0" marginwidth="0" marginheight="0" scrolling="no" class="wp-embedded-content"></iframe><script type="text/javascript">
/* <![CDATA[ */
/*! This file is auto-generated */
!function(d,l){"use strict";l.querySelector&&d.addEventListener&&"undefined"!=typeof URL&&(d.wp=d.wp||{},d.wp.receiveEmbedMessage||(d.wp.receiveEmbedMessage=function(e){var t=e.data;if((t||t.secret||t.message||t.value)&&!/[^a-zA-Z0-9]/.test(t.secret)){for(var s,r,n,a=l.querySelectorAll('iframe[data-secret="'+t.secret+'"]'),o=l.querySelectorAll('blockquote[data-secret="'+t.secret+'"]'),c=new RegExp("^https?:$","i"),i=0;i<o.length;i++)o[i].style.display="none";for(i=0;i<a.length;i++)s=a[i],e.source===s.contentWindow&&(s.removeAttribute("style"),"height"===t.message?(1e3<(r=parseInt(t.value,10))?r=1e3:~~r<200&&(r=200),s.height=r):"link"===t.message&&(r=new URL(s.getAttribute("src")),n=new URL(t.value),c.test(n.protocol))&&n.host===r.host&&l.activeElement===s&&(d.top.location.href=t.value))}},d.addEventListener("message",d.wp.receiveEmbedMessage,!1),l.addEventListener("DOMContentLoaded",function(){for(var e,t,s=l.querySelectorAll("iframe.wp-embedded-content"),r=0;r<s.length;r++)(t=(e=s[r]).getAttribute("data-secret"))||(t=Math.random().toString(36).substring(2,12),e.src+="#?secret="+t,e.setAttribute("data-secret",t)),e.contentWindow.postMessage({message:"ready",secret:t},"*")},!1)))}(window,document);
//# sourceURL=https://credaf.org/wp-includes/js/wp-embed.min.js
/* ]]> */
</script>

Dans le cadre de la nouvelle stratégie interministérielle entre le ministère de l’Economie, des Finances et de la Relance et le ministère de l’Europe et des Affaires étrangères (MEAE) de la France publiée en juin 2020, l’aide publique au développement française ambitionne de s’impliquer davantage sur la mobilisation des ressources intérieures publiques (MRIP). Afin d’assurer une mise en œuvre efficace
