{"version":"1.0","provider_name":"","provider_url":"https:\/\/credaf.org\/en","author_name":"sgcredaf","author_url":"https:\/\/credaf.org\/en\/author\/sgcredaf\/","title":"- S\u00e9minaire th\u00e9matique, Canada","type":"rich","width":600,"height":338,"html":"<blockquote class=\"wp-embedded-content\" data-secret=\"A55hIHkG2B\"><a href=\"https:\/\/credaf.org\/en\/seminaire-thematique-canada\/\">S\u00e9minaire th\u00e9matique, Canada<\/a><\/blockquote><iframe sandbox=\"allow-scripts\" security=\"restricted\" src=\"https:\/\/credaf.org\/en\/seminaire-thematique-canada\/embed\/#?secret=A55hIHkG2B\" width=\"600\" height=\"338\" title=\"&#8220;S\u00e9minaire th\u00e9matique, Canada&#8221; &#8212; \" data-secret=\"A55hIHkG2B\" frameborder=\"0\" marginwidth=\"0\" marginheight=\"0\" scrolling=\"no\" class=\"wp-embedded-content\"><\/iframe><script type=\"text\/javascript\">\n\/* <![CDATA[ *\/\n\/*! This file is auto-generated *\/\n!function(d,l){\"use strict\";l.querySelector&&d.addEventListener&&\"undefined\"!=typeof URL&&(d.wp=d.wp||{},d.wp.receiveEmbedMessage||(d.wp.receiveEmbedMessage=function(e){var t=e.data;if((t||t.secret||t.message||t.value)&&!\/[^a-zA-Z0-9]\/.test(t.secret)){for(var s,r,n,a=l.querySelectorAll('iframe[data-secret=\"'+t.secret+'\"]'),o=l.querySelectorAll('blockquote[data-secret=\"'+t.secret+'\"]'),c=new RegExp(\"^https?:$\",\"i\"),i=0;i<o.length;i++)o[i].style.display=\"none\";for(i=0;i<a.length;i++)s=a[i],e.source===s.contentWindow&&(s.removeAttribute(\"style\"),\"height\"===t.message?(1e3<(r=parseInt(t.value,10))?r=1e3:~~r<200&&(r=200),s.height=r):\"link\"===t.message&&(r=new URL(s.getAttribute(\"src\")),n=new URL(t.value),c.test(n.protocol))&&n.host===r.host&&l.activeElement===s&&(d.top.location.href=t.value))}},d.addEventListener(\"message\",d.wp.receiveEmbedMessage,!1),l.addEventListener(\"DOMContentLoaded\",function(){for(var e,t,s=l.querySelectorAll(\"iframe.wp-embedded-content\"),r=0;r<s.length;r++)(t=(e=s[r]).getAttribute(\"data-secret\"))||(t=Math.random().toString(36).substring(2,12),e.src+=\"#?secret=\"+t,e.setAttribute(\"data-secret\",t)),e.contentWindow.postMessage({message:\"ready\",secret:t},\"*\")},!1)))}(window,document);\n\/\/# sourceURL=https:\/\/credaf.org\/wp-includes\/js\/wp-embed.min.js\n\/* ]]> *\/\n<\/script>","description":"Ce s\u00e9minaire se d\u00e9roulera au Canada du 11 au 13 septembre prochains. Ce th\u00e8me r\u00e9pond \u00e0 une pr\u00e9occupation de nombreux membres du CREDAF. Il s\u2019agit d\u2019un s\u00e9minaire d\u2019approfondissement qui s\u2019inscrit dans le prolongement du colloque de Libreville (2016) et a pour objet de compl\u00e9ter la r\u00e9flexion qui y a \u00e9t\u00e9 men\u00e9e sur le th\u00e8me des strat\u00e9gies RH. Les experts animateurs"}

- Séminaire thématique, Canada

<blockquote class="wp-embedded-content" data-secret="A55hIHkG2B"><a href="https://credaf.org/en/seminaire-thematique-canada/">Séminaire thématique, Canada</a></blockquote><iframe sandbox="allow-scripts" security="restricted" src="https://credaf.org/en/seminaire-thematique-canada/embed/#?secret=A55hIHkG2B" width="600" height="338" title="&#8220;Séminaire thématique, Canada&#8221; &#8212; " data-secret="A55hIHkG2B" frameborder="0" marginwidth="0" marginheight="0" scrolling="no" class="wp-embedded-content"></iframe><script type="text/javascript">
/* <![CDATA[ */
/*! This file is auto-generated */
!function(d,l){"use strict";l.querySelector&&d.addEventListener&&"undefined"!=typeof URL&&(d.wp=d.wp||{},d.wp.receiveEmbedMessage||(d.wp.receiveEmbedMessage=function(e){var t=e.data;if((t||t.secret||t.message||t.value)&&!/[^a-zA-Z0-9]/.test(t.secret)){for(var s,r,n,a=l.querySelectorAll('iframe[data-secret="'+t.secret+'"]'),o=l.querySelectorAll('blockquote[data-secret="'+t.secret+'"]'),c=new RegExp("^https?:$","i"),i=0;i<o.length;i++)o[i].style.display="none";for(i=0;i<a.length;i++)s=a[i],e.source===s.contentWindow&&(s.removeAttribute("style"),"height"===t.message?(1e3<(r=parseInt(t.value,10))?r=1e3:~~r<200&&(r=200),s.height=r):"link"===t.message&&(r=new URL(s.getAttribute("src")),n=new URL(t.value),c.test(n.protocol))&&n.host===r.host&&l.activeElement===s&&(d.top.location.href=t.value))}},d.addEventListener("message",d.wp.receiveEmbedMessage,!1),l.addEventListener("DOMContentLoaded",function(){for(var e,t,s=l.querySelectorAll("iframe.wp-embedded-content"),r=0;r<s.length;r++)(t=(e=s[r]).getAttribute("data-secret"))||(t=Math.random().toString(36).substring(2,12),e.src+="#?secret="+t,e.setAttribute("data-secret",t)),e.contentWindow.postMessage({message:"ready",secret:t},"*")},!1)))}(window,document);
//# sourceURL=https://credaf.org/wp-includes/js/wp-embed.min.js
/* ]]> */
</script>

Ce séminaire se déroulera au Canada du 11 au 13 septembre prochains. Ce thème répond à une préoccupation de nombreux membres du CREDAF. Il s’agit d’un séminaire d’approfondissement qui s’inscrit dans le prolongement du colloque de Libreville (2016) et a pour objet de compléter la réflexion qui y a été menée sur le thème des stratégies RH. Les experts animateurs
