{"version":"1.0","provider_name":"","provider_url":"https:\/\/credaf.org\/en","author_name":"sgcredaf","author_url":"https:\/\/credaf.org\/en\/author\/sgcredaf\/","title":"- Un nouveau Pr\u00e9sident au CREDAF","type":"rich","width":600,"height":338,"html":"<blockquote class=\"wp-embedded-content\" data-secret=\"o6rchNewYF\"><a href=\"https:\/\/credaf.org\/en\/un-nouveau-president-au-credaf\/\">Un nouveau Pr\u00e9sident au CREDAF<\/a><\/blockquote><iframe sandbox=\"allow-scripts\" security=\"restricted\" src=\"https:\/\/credaf.org\/en\/un-nouveau-president-au-credaf\/embed\/#?secret=o6rchNewYF\" width=\"600\" height=\"338\" title=\"&#8220;Un nouveau Pr\u00e9sident au CREDAF&#8221; &#8212; \" data-secret=\"o6rchNewYF\" frameborder=\"0\" marginwidth=\"0\" marginheight=\"0\" scrolling=\"no\" class=\"wp-embedded-content\"><\/iframe><script type=\"text\/javascript\">\n\/* <![CDATA[ *\/\n\/*! This file is auto-generated *\/\n!function(d,l){\"use strict\";l.querySelector&&d.addEventListener&&\"undefined\"!=typeof URL&&(d.wp=d.wp||{},d.wp.receiveEmbedMessage||(d.wp.receiveEmbedMessage=function(e){var t=e.data;if((t||t.secret||t.message||t.value)&&!\/[^a-zA-Z0-9]\/.test(t.secret)){for(var s,r,n,a=l.querySelectorAll('iframe[data-secret=\"'+t.secret+'\"]'),o=l.querySelectorAll('blockquote[data-secret=\"'+t.secret+'\"]'),c=new RegExp(\"^https?:$\",\"i\"),i=0;i<o.length;i++)o[i].style.display=\"none\";for(i=0;i<a.length;i++)s=a[i],e.source===s.contentWindow&&(s.removeAttribute(\"style\"),\"height\"===t.message?(1e3<(r=parseInt(t.value,10))?r=1e3:~~r<200&&(r=200),s.height=r):\"link\"===t.message&&(r=new URL(s.getAttribute(\"src\")),n=new URL(t.value),c.test(n.protocol))&&n.host===r.host&&l.activeElement===s&&(d.top.location.href=t.value))}},d.addEventListener(\"message\",d.wp.receiveEmbedMessage,!1),l.addEventListener(\"DOMContentLoaded\",function(){for(var e,t,s=l.querySelectorAll(\"iframe.wp-embedded-content\"),r=0;r<s.length;r++)(t=(e=s[r]).getAttribute(\"data-secret\"))||(t=Math.random().toString(36).substring(2,12),e.src+=\"#?secret=\"+t,e.setAttribute(\"data-secret\",t)),e.contentWindow.postMessage({message:\"ready\",secret:t},\"*\")},!1)))}(window,document);\n\/\/# sourceURL=https:\/\/credaf.org\/wp-includes\/js\/wp-embed.min.js\n\/* ]]> *\/\n<\/script>","thumbnail_url":"https:\/\/credaf.org\/wp-content\/uploads\/2017\/06\/Passation-pouvoirs_-Pr\u00e9sidents-scaled.jpg","thumbnail_width":2776,"thumbnail_height":2267,"description":"[et_pb_section fb_built=\u00a0\u00bb1\u2033 admin_label=\u00a0\u00bbsection\u00a0\u00bb _builder_version=\u00a0\u00bb3.0.47\u2033][et_pb_row admin_label=\u00a0\u00bbrow\u00a0\u00bb _builder_version=\u00a0\u00bb3.0.47\u2033 background_size=\u00a0\u00bbinitial\u00a0\u00bb background_position=\u00a0\u00bbtop_left\u00a0\u00bb background_repeat=\u00a0\u00bbrepeat\u00a0\u00bb][et_pb_column type=\u00a0\u00bb3_4\u2033 _builder_version=\u00a0\u00bb3.0.47\u2033 parallax=\u00a0\u00bboff\u00a0\u00bb parallax_method=\u00a0\u00bbon\u00a0\u00bb][et_pb_text _builder_version=\u00a0\u00bb3.0.49\u2033 background_size=\u00a0\u00bbinitial\u00a0\u00bb background_position=\u00a0\u00bbtop_left\u00a0\u00bb background_repeat=\u00a0\u00bbrepeat\u00a0\u00bb border_style=\u00a0\u00bbsolid\u00a0\u00bb] A l\u2019occasion de la 34\u00e8me Assembl\u00e9e g\u00e9n\u00e9rale du CREDAF, qui s\u2019est tenue le 30 avril 2018 \u00e0 Montrouis (Ha\u00efti), M. Miradin MORLAN (\u00e0 gauche sur la photo), Directeur g\u00e9n\u00e9ral des imp\u00f4ts d\u2019Ha\u00efti, a \u00e9t\u00e9 \u00e9lu nouveau Pr\u00e9sident du CREDAF en remplacement de"}

- Un nouveau Président au CREDAF

<blockquote class="wp-embedded-content" data-secret="o6rchNewYF"><a href="https://credaf.org/en/un-nouveau-president-au-credaf/">Un nouveau Président au CREDAF</a></blockquote><iframe sandbox="allow-scripts" security="restricted" src="https://credaf.org/en/un-nouveau-president-au-credaf/embed/#?secret=o6rchNewYF" width="600" height="338" title="&#8220;Un nouveau Président au CREDAF&#8221; &#8212; " data-secret="o6rchNewYF" frameborder="0" marginwidth="0" marginheight="0" scrolling="no" class="wp-embedded-content"></iframe><script type="text/javascript">
/* <![CDATA[ */
/*! This file is auto-generated */
!function(d,l){"use strict";l.querySelector&&d.addEventListener&&"undefined"!=typeof URL&&(d.wp=d.wp||{},d.wp.receiveEmbedMessage||(d.wp.receiveEmbedMessage=function(e){var t=e.data;if((t||t.secret||t.message||t.value)&&!/[^a-zA-Z0-9]/.test(t.secret)){for(var s,r,n,a=l.querySelectorAll('iframe[data-secret="'+t.secret+'"]'),o=l.querySelectorAll('blockquote[data-secret="'+t.secret+'"]'),c=new RegExp("^https?:$","i"),i=0;i<o.length;i++)o[i].style.display="none";for(i=0;i<a.length;i++)s=a[i],e.source===s.contentWindow&&(s.removeAttribute("style"),"height"===t.message?(1e3<(r=parseInt(t.value,10))?r=1e3:~~r<200&&(r=200),s.height=r):"link"===t.message&&(r=new URL(s.getAttribute("src")),n=new URL(t.value),c.test(n.protocol))&&n.host===r.host&&l.activeElement===s&&(d.top.location.href=t.value))}},d.addEventListener("message",d.wp.receiveEmbedMessage,!1),l.addEventListener("DOMContentLoaded",function(){for(var e,t,s=l.querySelectorAll("iframe.wp-embedded-content"),r=0;r<s.length;r++)(t=(e=s[r]).getAttribute("data-secret"))||(t=Math.random().toString(36).substring(2,12),e.src+="#?secret="+t,e.setAttribute("data-secret",t)),e.contentWindow.postMessage({message:"ready",secret:t},"*")},!1)))}(window,document);
//# sourceURL=https://credaf.org/wp-includes/js/wp-embed.min.js
/* ]]> */
</script>

https://credaf.org/wp-content/uploads/2017/06/Passation-pouvoirs_-Présidents-scaled.jpg

[et_pb_section fb_built= »1″ admin_label= »section » _builder_version= »3.0.47″][et_pb_row admin_label= »row » _builder_version= »3.0.47″ background_size= »initial » background_position= »top_left » background_repeat= »repeat »][et_pb_column type= »3_4″ _builder_version= »3.0.47″ parallax= »off » parallax_method= »on »][et_pb_text _builder_version= »3.0.49″ background_size= »initial » background_position= »top_left » background_repeat= »repeat » border_style= »solid »] A l’occasion de la 34ème Assemblée générale du CREDAF, qui s’est tenue le 30 avril 2018 à Montrouis (Haïti), M. Miradin MORLAN (à gauche sur la photo), Directeur général des impôts d’Haïti, a été élu nouveau Président du CREDAF en remplacement de
