{"id":11208,"date":"2025-10-02T14:51:17","date_gmt":"2025-10-02T12:51:17","guid":{"rendered":"https:\/\/credaf.org\/wp-content\/uploads\/2025\/10\/Photo-Passation-de-pouvoir.jpg"},"modified":"2025-10-02T14:51:17","modified_gmt":"2025-10-02T12:51:17","slug":"photo-passation-de-pouvoir","status":"inherit","type":"attachment","link":"https:\/\/credaf.org\/en\/assemblee-generale-conference-annuelle-2025\/photo-passation-de-pouvoir\/","title":{"rendered":"Photo Passation de pouvoir"},"author":13,"featured_media":0,"comment_status":"closed","ping_status":"closed","template":"","meta":{"_acf_changed":false},"class_list":["post-11208","attachment","type-attachment","status-inherit","hentry"],"acf":[],"yoast_head":"<!-- This site is optimized with the Yoast SEO plugin v27.5 - https:\/\/yoast.com\/product\/yoast-seo-wordpress\/ -->\n<title>- Photo Passation de pouvoir<\/title>\n<meta name=\"robots\" content=\"index, follow, max-snippet:-1, max-image-preview:large, max-video-preview:-1\" \/>\n<link rel=\"canonical\" href=\"https:\/\/credaf.org\/wp-content\/uploads\/2025\/10\/Photo-Passation-de-pouvoir.jpg\" \/>\n<meta property=\"og:locale\" content=\"en_US\" \/>\n<meta property=\"og:type\" content=\"article\" \/>\n<meta property=\"og:title\" content=\"- Photo Passation de pouvoir\" \/>\n<meta property=\"og:url\" content=\"https:\/\/credaf.org\/wp-content\/uploads\/2025\/10\/Photo-Passation-de-pouvoir.jpg\" \/>\n<meta property=\"og:image\" content=\"https:\/\/credaf.org\/wp-content\/uploads\/2025\/10\/Photo-Passation-de-pouvoir.jpg\" \/>\n\t<meta property=\"og:image:width\" content=\"997\" \/>\n\t<meta property=\"og:image:height\" content=\"974\" \/>\n\t<meta property=\"og:image:type\" content=\"image\/jpeg\" \/>\n<meta name=\"twitter:card\" content=\"summary_large_image\" \/>\n<script type=\"application\/ld+json\" class=\"yoast-schema-graph\">{\"@context\":\"https:\\\/\\\/schema.org\",\"@graph\":[{\"@type\":\"WebPage\",\"@id\":\"https:\\\/\\\/credaf.org\\\/wp-content\\\/uploads\\\/2025\\\/10\\\/Photo-Passation-de-pouvoir.jpg\",\"url\":\"https:\\\/\\\/credaf.org\\\/wp-content\\\/uploads\\\/2025\\\/10\\\/Photo-Passation-de-pouvoir.jpg\",\"name\":\"- Photo Passation de pouvoir\",\"isPartOf\":{\"@id\":\"https:\\\/\\\/credaf.org\\\/#website\"},\"datePublished\":\"2025-10-02T12:51:17+00:00\",\"breadcrumb\":{\"@id\":\"https:\\\/\\\/credaf.org\\\/wp-content\\\/uploads\\\/2025\\\/10\\\/Photo-Passation-de-pouvoir.jpg#breadcrumb\"},\"inLanguage\":\"en-US\",\"potentialAction\":[{\"@type\":\"ReadAction\",\"target\":[\"https:\\\/\\\/credaf.org\\\/wp-content\\\/uploads\\\/2025\\\/10\\\/Photo-Passation-de-pouvoir.jpg\"]}]},{\"@type\":\"BreadcrumbList\",\"@id\":\"https:\\\/\\\/credaf.org\\\/wp-content\\\/uploads\\\/2025\\\/10\\\/Photo-Passation-de-pouvoir.jpg#breadcrumb\",\"itemListElement\":[{\"@type\":\"ListItem\",\"position\":1,\"name\":\"Accueil\",\"item\":\"https:\\\/\\\/credaf.org\\\/\"},{\"@type\":\"ListItem\",\"position\":2,\"name\":\"Assembl\u00e9e g\u00e9n\u00e9rale &amp; Conf\u00e9rence annuelle 2025\",\"item\":\"https:\\\/\\\/credaf.org\\\/assemblee-generale-conference-annuelle-2025\\\/\"},{\"@type\":\"ListItem\",\"position\":3,\"name\":\"Photo Passation de pouvoir\"}]},{\"@type\":\"WebSite\",\"@id\":\"https:\\\/\\\/credaf.org\\\/#website\",\"url\":\"https:\\\/\\\/credaf.org\\\/\",\"name\":\"\",\"description\":\"\",\"potentialAction\":[{\"@type\":\"SearchAction\",\"target\":{\"@type\":\"EntryPoint\",\"urlTemplate\":\"https:\\\/\\\/credaf.org\\\/?s={search_term_string}\"},\"query-input\":{\"@type\":\"PropertyValueSpecification\",\"valueRequired\":true,\"valueName\":\"search_term_string\"}}],\"inLanguage\":\"en-US\"}]}<\/script>\n<!-- \/ Yoast SEO plugin. -->","yoast_head_json":{"title":"- Photo Passation de pouvoir","robots":{"index":"index","follow":"follow","max-snippet":"max-snippet:-1","max-image-preview":"max-image-preview:large","max-video-preview":"max-video-preview:-1"},"canonical":"https:\/\/credaf.org\/wp-content\/uploads\/2025\/10\/Photo-Passation-de-pouvoir.jpg","og_locale":"en_US","og_type":"article","og_title":"- Photo Passation de pouvoir","og_url":"https:\/\/credaf.org\/wp-content\/uploads\/2025\/10\/Photo-Passation-de-pouvoir.jpg","og_image":[{"width":997,"height":974,"url":"https:\/\/credaf.org\/wp-content\/uploads\/2025\/10\/Photo-Passation-de-pouvoir.jpg","type":"image\/jpeg"}],"twitter_card":"summary_large_image","schema":{"@context":"https:\/\/schema.org","@graph":[{"@type":"WebPage","@id":"https:\/\/credaf.org\/wp-content\/uploads\/2025\/10\/Photo-Passation-de-pouvoir.jpg","url":"https:\/\/credaf.org\/wp-content\/uploads\/2025\/10\/Photo-Passation-de-pouvoir.jpg","name":"- Photo Passation de pouvoir","isPartOf":{"@id":"https:\/\/credaf.org\/#website"},"datePublished":"2025-10-02T12:51:17+00:00","breadcrumb":{"@id":"https:\/\/credaf.org\/wp-content\/uploads\/2025\/10\/Photo-Passation-de-pouvoir.jpg#breadcrumb"},"inLanguage":"en-US","potentialAction":[{"@type":"ReadAction","target":["https:\/\/credaf.org\/wp-content\/uploads\/2025\/10\/Photo-Passation-de-pouvoir.jpg"]}]},{"@type":"BreadcrumbList","@id":"https:\/\/credaf.org\/wp-content\/uploads\/2025\/10\/Photo-Passation-de-pouvoir.jpg#breadcrumb","itemListElement":[{"@type":"ListItem","position":1,"name":"Accueil","item":"https:\/\/credaf.org\/"},{"@type":"ListItem","position":2,"name":"Assembl\u00e9e g\u00e9n\u00e9rale &amp; Conf\u00e9rence annuelle 2025","item":"https:\/\/credaf.org\/assemblee-generale-conference-annuelle-2025\/"},{"@type":"ListItem","position":3,"name":"Photo Passation de pouvoir"}]},{"@type":"WebSite","@id":"https:\/\/credaf.org\/#website","url":"https:\/\/credaf.org\/","name":"","description":"","potentialAction":[{"@type":"SearchAction","target":{"@type":"EntryPoint","urlTemplate":"https:\/\/credaf.org\/?s={search_term_string}"},"query-input":{"@type":"PropertyValueSpecification","valueRequired":true,"valueName":"search_term_string"}}],"inLanguage":"en-US"}]}},"description":{"rendered":"<p class=\"attachment\"><a href='https:\/\/credaf.org\/wp-content\/uploads\/2025\/10\/Photo-Passation-de-pouvoir.jpg'><img fetchpriority=\"high\" decoding=\"async\" width=\"300\" height=\"293\" src=\"https:\/\/credaf.org\/wp-content\/uploads\/2025\/10\/Photo-Passation-de-pouvoir-300x293.jpg\" class=\"attachment-medium size-medium\" alt=\"\" srcset=\"https:\/\/credaf.org\/wp-content\/uploads\/2025\/10\/Photo-Passation-de-pouvoir-300x293.jpg 300w, https:\/\/credaf.org\/wp-content\/uploads\/2025\/10\/Photo-Passation-de-pouvoir-600x586.jpg 600w, https:\/\/credaf.org\/wp-content\/uploads\/2025\/10\/Photo-Passation-de-pouvoir-768x750.jpg 768w, https:\/\/credaf.org\/wp-content\/uploads\/2025\/10\/Photo-Passation-de-pouvoir-12x12.jpg 12w, https:\/\/credaf.org\/wp-content\/uploads\/2025\/10\/Photo-Passation-de-pouvoir.jpg 997w\" sizes=\"(max-width: 300px) 100vw, 300px\" \/><\/a><\/p>\n<!-- AddThis Advanced Settings generic via filter on the_content --><!-- AddThis Share Buttons generic via filter on the_content --><!-- AddThis Related Posts generic via filter on the_content -->"},"caption":{"rendered":""},"alt_text":"","media_type":"image","mime_type":"image\/jpeg","media_details":{"width":997,"height":974,"file":"2025\/10\/Photo-Passation-de-pouvoir.jpg","filesize":548901,"sizes":{"woocommerce_thumbnail":{"file":"Photo-Passation-de-pouvoir-300x300.jpg","width":300,"height":300,"filesize":17219,"uncropped":false,"mime_type":"image\/jpeg","source_url":"https:\/\/credaf.org\/wp-content\/uploads\/2025\/10\/Photo-Passation-de-pouvoir-300x300.jpg"},"woocommerce_gallery_thumbnail":{"file":"Photo-Passation-de-pouvoir-100x100.jpg","width":100,"height":100,"filesize":3668,"mime_type":"image\/jpeg","source_url":"https:\/\/credaf.org\/wp-content\/uploads\/2025\/10\/Photo-Passation-de-pouvoir-100x100.jpg"},"woocommerce_single":{"file":"Photo-Passation-de-pouvoir-600x586.jpg","width":600,"height":586,"filesize":49125,"mime_type":"image\/jpeg","source_url":"https:\/\/credaf.org\/wp-content\/uploads\/2025\/10\/Photo-Passation-de-pouvoir-600x586.jpg"},"medium":{"file":"Photo-Passation-de-pouvoir-300x293.jpg","width":300,"height":293,"filesize":17095,"mime_type":"image\/jpeg","source_url":"https:\/\/credaf.org\/wp-content\/uploads\/2025\/10\/Photo-Passation-de-pouvoir-300x293.jpg"},"thumbnail":{"file":"Photo-Passation-de-pouvoir-150x150.jpg","width":150,"height":150,"filesize":6217,"mime_type":"image\/jpeg","source_url":"https:\/\/credaf.org\/wp-content\/uploads\/2025\/10\/Photo-Passation-de-pouvoir-150x150.jpg"},"medium_large":{"file":"Photo-Passation-de-pouvoir-768x750.jpg","width":768,"height":750,"filesize":71324,"mime_type":"image\/jpeg","source_url":"https:\/\/credaf.org\/wp-content\/uploads\/2025\/10\/Photo-Passation-de-pouvoir-768x750.jpg"},"trp-custom-language-flag":{"file":"Photo-Passation-de-pouvoir-12x12.jpg","width":12,"height":12,"filesize":877,"mime_type":"image\/jpeg","source_url":"https:\/\/credaf.org\/wp-content\/uploads\/2025\/10\/Photo-Passation-de-pouvoir-12x12.jpg"},"gutener-1920-550":{"file":"Photo-Passation-de-pouvoir-997x550.jpg","width":997,"height":550,"filesize":67603,"mime_type":"image\/jpeg","source_url":"https:\/\/credaf.org\/wp-content\/uploads\/2025\/10\/Photo-Passation-de-pouvoir-997x550.jpg"},"gutener-1370-550":{"file":"Photo-Passation-de-pouvoir-997x550.jpg","width":997,"height":550,"filesize":67603,"mime_type":"image\/jpeg","source_url":"https:\/\/credaf.org\/wp-content\/uploads\/2025\/10\/Photo-Passation-de-pouvoir-997x550.jpg"},"gutener-590-310":{"file":"Photo-Passation-de-pouvoir-590x310.jpg","width":590,"height":310,"filesize":26669,"mime_type":"image\/jpeg","source_url":"https:\/\/credaf.org\/wp-content\/uploads\/2025\/10\/Photo-Passation-de-pouvoir-590x310.jpg"},"gutener-420-380":{"file":"Photo-Passation-de-pouvoir-420x380.jpg","width":420,"height":380,"filesize":26939,"mime_type":"image\/jpeg","source_url":"https:\/\/credaf.org\/wp-content\/uploads\/2025\/10\/Photo-Passation-de-pouvoir-420x380.jpg"},"gutener-420-300":{"file":"Photo-Passation-de-pouvoir-420x300.jpg","width":420,"height":300,"filesize":22911,"mime_type":"image\/jpeg","source_url":"https:\/\/credaf.org\/wp-content\/uploads\/2025\/10\/Photo-Passation-de-pouvoir-420x300.jpg"},"gutener-420-200":{"file":"Photo-Passation-de-pouvoir-420x200.jpg","width":420,"height":200,"filesize":14584,"mime_type":"image\/jpeg","source_url":"https:\/\/credaf.org\/wp-content\/uploads\/2025\/10\/Photo-Passation-de-pouvoir-420x200.jpg"},"gutener-290-150":{"file":"Photo-Passation-de-pouvoir-290x150.jpg","width":290,"height":150,"filesize":9335,"mime_type":"image\/jpeg","source_url":"https:\/\/credaf.org\/wp-content\/uploads\/2025\/10\/Photo-Passation-de-pouvoir-290x150.jpg"},"gutener-80-60":{"file":"Photo-Passation-de-pouvoir-80x60.jpg","width":80,"height":60,"filesize":2319,"mime_type":"image\/jpeg","source_url":"https:\/\/credaf.org\/wp-content\/uploads\/2025\/10\/Photo-Passation-de-pouvoir-80x60.jpg"},"full":{"file":"Photo-Passation-de-pouvoir.jpg","width":997,"height":974,"mime_type":"image\/jpeg","source_url":"https:\/\/credaf.org\/wp-content\/uploads\/2025\/10\/Photo-Passation-de-pouvoir.jpg"}},"image_meta":{"aperture":"0","credit":"","camera":"","caption":"","created_timestamp":"0","copyright":"","focal_length":"0","iso":"0","shutter_speed":"0","title":"","orientation":"0","keywords":[]}},"post":11200,"source_url":"https:\/\/credaf.org\/wp-content\/uploads\/2025\/10\/Photo-Passation-de-pouvoir.jpg","_links":{"self":[{"href":"https:\/\/credaf.org\/en\/wp-json\/wp\/v2\/media\/11208","targetHints":{"allow":["GET"]}}],"collection":[{"href":"https:\/\/credaf.org\/en\/wp-json\/wp\/v2\/media"}],"about":[{"href":"https:\/\/credaf.org\/en\/wp-json\/wp\/v2\/types\/attachment"}],"author":[{"embeddable":true,"href":"https:\/\/credaf.org\/en\/wp-json\/wp\/v2\/users\/13"}],"replies":[{"embeddable":true,"href":"https:\/\/credaf.org\/en\/wp-json\/wp\/v2\/comments?post=11208"}],"wp:attached-to":[{"embeddable":true,"post_type":"post","id":11200,"href":"https:\/\/credaf.org\/en\/wp-json\/wp\/v2\/posts\/11200"}],"curies":[{"name":"wp","href":"https:\/\/api.w.org\/{rel}","templated":true}]}}

<!-- This site is optimized with the Yoast SEO plugin v27.5 - https://yoast.com/product/yoast-seo-wordpress/ -->
<title>- Photo Passation de pouvoir</title>
<meta name="robots" content="index, follow, max-snippet:-1, max-image-preview:large, max-video-preview:-1" />
<link rel="canonical" href="https://credaf.org/wp-content/uploads/2025/10/Photo-Passation-de-pouvoir.jpg" />
<meta property="og:locale" content="en_US" />
<meta property="og:type" content="article" />
<meta property="og:title" content="- Photo Passation de pouvoir" />
<meta property="og:url" content="https://credaf.org/wp-content/uploads/2025/10/Photo-Passation-de-pouvoir.jpg" />
<meta property="og:image" content="https://credaf.org/wp-content/uploads/2025/10/Photo-Passation-de-pouvoir.jpg" />
	<meta property="og:image:width" content="997" />
	<meta property="og:image:height" content="974" />
	<meta property="og:image:type" content="image/jpeg" />
<meta name="twitter:card" content="summary_large_image" />
<script type="application/ld+json" class="yoast-schema-graph">{"@context":"https:\/\/schema.org","@graph":[{"@type":"WebPage","@id":"https:\/\/credaf.org\/wp-content\/uploads\/2025\/10\/Photo-Passation-de-pouvoir.jpg","url":"https:\/\/credaf.org\/wp-content\/uploads\/2025\/10\/Photo-Passation-de-pouvoir.jpg","name":"- Photo Passation de pouvoir","isPartOf":{"@id":"https:\/\/credaf.org\/#website"},"datePublished":"2025-10-02T12:51:17+00:00","breadcrumb":{"@id":"https:\/\/credaf.org\/wp-content\/uploads\/2025\/10\/Photo-Passation-de-pouvoir.jpg#breadcrumb"},"inLanguage":"en-US","potentialAction":[{"@type":"ReadAction","target":["https:\/\/credaf.org\/wp-content\/uploads\/2025\/10\/Photo-Passation-de-pouvoir.jpg"]}]},{"@type":"BreadcrumbList","@id":"https:\/\/credaf.org\/wp-content\/uploads\/2025\/10\/Photo-Passation-de-pouvoir.jpg#breadcrumb","itemListElement":[{"@type":"ListItem","position":1,"name":"Accueil","item":"https:\/\/credaf.org\/"},{"@type":"ListItem","position":2,"name":"Assemblée générale &amp; Conférence annuelle 2025","item":"https:\/\/credaf.org\/assemblee-generale-conference-annuelle-2025\/"},{"@type":"ListItem","position":3,"name":"Photo Passation de pouvoir"}]},{"@type":"WebSite","@id":"https:\/\/credaf.org\/#website","url":"https:\/\/credaf.org\/","name":"","description":"","potentialAction":[{"@type":"SearchAction","target":{"@type":"EntryPoint","urlTemplate":"https:\/\/credaf.org\/?s={search_term_string}"},"query-input":{"@type":"PropertyValueSpecification","valueRequired":true,"valueName":"search_term_string"}}],"inLanguage":"en-US"}]}</script>
<!-- / Yoast SEO plugin. -->

Assemblée générale &amp; Conférence annuelle 2025
