{"id":11223,"date":"2025-10-02T15:28:31","date_gmt":"2025-10-02T13:28:31","guid":{"rendered":"https:\/\/credaf.org\/wp-content\/uploads\/2025\/10\/Photo-de-groupe-2.jpg"},"modified":"2025-10-02T15:28:31","modified_gmt":"2025-10-02T13:28:31","slug":"photo-de-groupe-2-2","status":"inherit","type":"attachment","link":"https:\/\/credaf.org\/en\/assemblee-generale-conference-annuelle-2025\/photo-de-groupe-2-2\/","title":{"rendered":"Photo de groupe 2"},"author":13,"featured_media":0,"comment_status":"closed","ping_status":"closed","template":"","meta":{"_acf_changed":false},"class_list":["post-11223","attachment","type-attachment","status-inherit","hentry"],"acf":[],"yoast_head":"<!-- This site is optimized with the Yoast SEO plugin v27.5 - https:\/\/yoast.com\/product\/yoast-seo-wordpress\/ -->\n<title>- Photo de groupe 2<\/title>\n<meta name=\"robots\" content=\"index, follow, max-snippet:-1, max-image-preview:large, max-video-preview:-1\" \/>\n<link rel=\"canonical\" href=\"https:\/\/credaf.org\/wp-content\/uploads\/2025\/10\/Photo-de-groupe-2.jpg\" \/>\n<meta property=\"og:locale\" content=\"en_US\" \/>\n<meta property=\"og:type\" content=\"article\" \/>\n<meta property=\"og:title\" content=\"- Photo de groupe 2\" \/>\n<meta property=\"og:url\" content=\"https:\/\/credaf.org\/wp-content\/uploads\/2025\/10\/Photo-de-groupe-2.jpg\" \/>\n<meta property=\"og:image\" content=\"https:\/\/credaf.org\/wp-content\/uploads\/2025\/10\/Photo-de-groupe-2.jpg\" \/>\n\t<meta property=\"og:image:width\" content=\"1600\" \/>\n\t<meta property=\"og:image:height\" content=\"1066\" \/>\n\t<meta property=\"og:image:type\" content=\"image\/jpeg\" \/>\n<meta name=\"twitter:card\" content=\"summary_large_image\" \/>\n<script type=\"application\/ld+json\" class=\"yoast-schema-graph\">{\"@context\":\"https:\\\/\\\/schema.org\",\"@graph\":[{\"@type\":\"WebPage\",\"@id\":\"https:\\\/\\\/credaf.org\\\/wp-content\\\/uploads\\\/2025\\\/10\\\/Photo-de-groupe-2.jpg\",\"url\":\"https:\\\/\\\/credaf.org\\\/wp-content\\\/uploads\\\/2025\\\/10\\\/Photo-de-groupe-2.jpg\",\"name\":\"- Photo de groupe 2\",\"isPartOf\":{\"@id\":\"https:\\\/\\\/credaf.org\\\/#website\"},\"datePublished\":\"2025-10-02T13:28:31+00:00\",\"breadcrumb\":{\"@id\":\"https:\\\/\\\/credaf.org\\\/wp-content\\\/uploads\\\/2025\\\/10\\\/Photo-de-groupe-2.jpg#breadcrumb\"},\"inLanguage\":\"en-US\",\"potentialAction\":[{\"@type\":\"ReadAction\",\"target\":[\"https:\\\/\\\/credaf.org\\\/wp-content\\\/uploads\\\/2025\\\/10\\\/Photo-de-groupe-2.jpg\"]}]},{\"@type\":\"BreadcrumbList\",\"@id\":\"https:\\\/\\\/credaf.org\\\/wp-content\\\/uploads\\\/2025\\\/10\\\/Photo-de-groupe-2.jpg#breadcrumb\",\"itemListElement\":[{\"@type\":\"ListItem\",\"position\":1,\"name\":\"Accueil\",\"item\":\"https:\\\/\\\/credaf.org\\\/\"},{\"@type\":\"ListItem\",\"position\":2,\"name\":\"Assembl\u00e9e g\u00e9n\u00e9rale &amp; Conf\u00e9rence annuelle 2025\",\"item\":\"https:\\\/\\\/credaf.org\\\/assemblee-generale-conference-annuelle-2025\\\/\"},{\"@type\":\"ListItem\",\"position\":3,\"name\":\"Photo de groupe 2\"}]},{\"@type\":\"WebSite\",\"@id\":\"https:\\\/\\\/credaf.org\\\/#website\",\"url\":\"https:\\\/\\\/credaf.org\\\/\",\"name\":\"\",\"description\":\"\",\"potentialAction\":[{\"@type\":\"SearchAction\",\"target\":{\"@type\":\"EntryPoint\",\"urlTemplate\":\"https:\\\/\\\/credaf.org\\\/?s={search_term_string}\"},\"query-input\":{\"@type\":\"PropertyValueSpecification\",\"valueRequired\":true,\"valueName\":\"search_term_string\"}}],\"inLanguage\":\"en-US\"}]}<\/script>\n<!-- \/ Yoast SEO plugin. -->","yoast_head_json":{"title":"- Photo de groupe 2","robots":{"index":"index","follow":"follow","max-snippet":"max-snippet:-1","max-image-preview":"max-image-preview:large","max-video-preview":"max-video-preview:-1"},"canonical":"https:\/\/credaf.org\/wp-content\/uploads\/2025\/10\/Photo-de-groupe-2.jpg","og_locale":"en_US","og_type":"article","og_title":"- Photo de groupe 2","og_url":"https:\/\/credaf.org\/wp-content\/uploads\/2025\/10\/Photo-de-groupe-2.jpg","og_image":[{"width":1600,"height":1066,"url":"https:\/\/credaf.org\/wp-content\/uploads\/2025\/10\/Photo-de-groupe-2.jpg","type":"image\/jpeg"}],"twitter_card":"summary_large_image","schema":{"@context":"https:\/\/schema.org","@graph":[{"@type":"WebPage","@id":"https:\/\/credaf.org\/wp-content\/uploads\/2025\/10\/Photo-de-groupe-2.jpg","url":"https:\/\/credaf.org\/wp-content\/uploads\/2025\/10\/Photo-de-groupe-2.jpg","name":"- Photo de groupe 2","isPartOf":{"@id":"https:\/\/credaf.org\/#website"},"datePublished":"2025-10-02T13:28:31+00:00","breadcrumb":{"@id":"https:\/\/credaf.org\/wp-content\/uploads\/2025\/10\/Photo-de-groupe-2.jpg#breadcrumb"},"inLanguage":"en-US","potentialAction":[{"@type":"ReadAction","target":["https:\/\/credaf.org\/wp-content\/uploads\/2025\/10\/Photo-de-groupe-2.jpg"]}]},{"@type":"BreadcrumbList","@id":"https:\/\/credaf.org\/wp-content\/uploads\/2025\/10\/Photo-de-groupe-2.jpg#breadcrumb","itemListElement":[{"@type":"ListItem","position":1,"name":"Accueil","item":"https:\/\/credaf.org\/"},{"@type":"ListItem","position":2,"name":"Assembl\u00e9e g\u00e9n\u00e9rale &amp; Conf\u00e9rence annuelle 2025","item":"https:\/\/credaf.org\/assemblee-generale-conference-annuelle-2025\/"},{"@type":"ListItem","position":3,"name":"Photo de groupe 2"}]},{"@type":"WebSite","@id":"https:\/\/credaf.org\/#website","url":"https:\/\/credaf.org\/","name":"","description":"","potentialAction":[{"@type":"SearchAction","target":{"@type":"EntryPoint","urlTemplate":"https:\/\/credaf.org\/?s={search_term_string}"},"query-input":{"@type":"PropertyValueSpecification","valueRequired":true,"valueName":"search_term_string"}}],"inLanguage":"en-US"}]}},"description":{"rendered":"<p class=\"attachment\"><a href='https:\/\/credaf.org\/wp-content\/uploads\/2025\/10\/Photo-de-groupe-2.jpg'><img fetchpriority=\"high\" decoding=\"async\" width=\"300\" height=\"200\" src=\"https:\/\/credaf.org\/wp-content\/uploads\/2025\/10\/Photo-de-groupe-2-300x200.jpg\" class=\"attachment-medium size-medium\" alt=\"\" srcset=\"https:\/\/credaf.org\/wp-content\/uploads\/2025\/10\/Photo-de-groupe-2-300x200.jpg 300w, https:\/\/credaf.org\/wp-content\/uploads\/2025\/10\/Photo-de-groupe-2-600x400.jpg 600w, https:\/\/credaf.org\/wp-content\/uploads\/2025\/10\/Photo-de-groupe-2-1024x682.jpg 1024w, https:\/\/credaf.org\/wp-content\/uploads\/2025\/10\/Photo-de-groupe-2-768x512.jpg 768w, https:\/\/credaf.org\/wp-content\/uploads\/2025\/10\/Photo-de-groupe-2-1536x1023.jpg 1536w, https:\/\/credaf.org\/wp-content\/uploads\/2025\/10\/Photo-de-groupe-2-18x12.jpg 18w, https:\/\/credaf.org\/wp-content\/uploads\/2025\/10\/Photo-de-groupe-2.jpg 1600w\" sizes=\"(max-width: 300px) 100vw, 300px\" \/><\/a><\/p>\n<!-- AddThis Advanced Settings generic via filter on the_content --><!-- AddThis Share Buttons generic via filter on the_content --><!-- AddThis Related Posts generic via filter on the_content -->"},"caption":{"rendered":""},"alt_text":"","media_type":"image","mime_type":"image\/jpeg","media_details":{"width":1600,"height":1066,"file":"2025\/10\/Photo-de-groupe-2.jpg","filesize":204124,"sizes":{"woocommerce_thumbnail":{"file":"Photo-de-groupe-2-300x300.jpg","width":300,"height":300,"filesize":19661,"uncropped":false,"mime_type":"image\/jpeg","source_url":"https:\/\/credaf.org\/wp-content\/uploads\/2025\/10\/Photo-de-groupe-2-300x300.jpg"},"woocommerce_gallery_thumbnail":{"file":"Photo-de-groupe-2-100x100.jpg","width":100,"height":100,"filesize":3105,"mime_type":"image\/jpeg","source_url":"https:\/\/credaf.org\/wp-content\/uploads\/2025\/10\/Photo-de-groupe-2-100x100.jpg"},"woocommerce_single":{"file":"Photo-de-groupe-2-600x400.jpg","width":600,"height":400,"filesize":46474,"mime_type":"image\/jpeg","source_url":"https:\/\/credaf.org\/wp-content\/uploads\/2025\/10\/Photo-de-groupe-2-600x400.jpg"},"medium":{"file":"Photo-de-groupe-2-300x200.jpg","width":300,"height":200,"filesize":14177,"mime_type":"image\/jpeg","source_url":"https:\/\/credaf.org\/wp-content\/uploads\/2025\/10\/Photo-de-groupe-2-300x200.jpg"},"large":{"file":"Photo-de-groupe-2-1024x682.jpg","width":1024,"height":682,"filesize":113242,"mime_type":"image\/jpeg","source_url":"https:\/\/credaf.org\/wp-content\/uploads\/2025\/10\/Photo-de-groupe-2-1024x682.jpg"},"thumbnail":{"file":"Photo-de-groupe-2-150x150.jpg","width":150,"height":150,"filesize":5970,"mime_type":"image\/jpeg","source_url":"https:\/\/credaf.org\/wp-content\/uploads\/2025\/10\/Photo-de-groupe-2-150x150.jpg"},"medium_large":{"file":"Photo-de-groupe-2-768x512.jpg","width":768,"height":512,"filesize":70083,"mime_type":"image\/jpeg","source_url":"https:\/\/credaf.org\/wp-content\/uploads\/2025\/10\/Photo-de-groupe-2-768x512.jpg"},"1536x1536":{"file":"Photo-de-groupe-2-1536x1023.jpg","width":1536,"height":1023,"filesize":213982,"mime_type":"image\/jpeg","source_url":"https:\/\/credaf.org\/wp-content\/uploads\/2025\/10\/Photo-de-groupe-2-1536x1023.jpg"},"trp-custom-language-flag":{"file":"Photo-de-groupe-2-18x12.jpg","width":18,"height":12,"filesize":440,"mime_type":"image\/jpeg","source_url":"https:\/\/credaf.org\/wp-content\/uploads\/2025\/10\/Photo-de-groupe-2-18x12.jpg"},"gutener-1920-550":{"file":"Photo-de-groupe-2-1600x550.jpg","width":1600,"height":550,"filesize":165219,"mime_type":"image\/jpeg","source_url":"https:\/\/credaf.org\/wp-content\/uploads\/2025\/10\/Photo-de-groupe-2-1600x550.jpg"},"gutener-1370-550":{"file":"Photo-de-groupe-2-1370x550.jpg","width":1370,"height":550,"filesize":134984,"mime_type":"image\/jpeg","source_url":"https:\/\/credaf.org\/wp-content\/uploads\/2025\/10\/Photo-de-groupe-2-1370x550.jpg"},"gutener-590-310":{"file":"Photo-de-groupe-2-590x310.jpg","width":590,"height":310,"filesize":39271,"mime_type":"image\/jpeg","source_url":"https:\/\/credaf.org\/wp-content\/uploads\/2025\/10\/Photo-de-groupe-2-590x310.jpg"},"gutener-420-380":{"file":"Photo-de-groupe-2-420x380.jpg","width":420,"height":380,"filesize":32139,"mime_type":"image\/jpeg","source_url":"https:\/\/credaf.org\/wp-content\/uploads\/2025\/10\/Photo-de-groupe-2-420x380.jpg"},"gutener-420-300":{"file":"Photo-de-groupe-2-420x300.jpg","width":420,"height":300,"filesize":27002,"mime_type":"image\/jpeg","source_url":"https:\/\/credaf.org\/wp-content\/uploads\/2025\/10\/Photo-de-groupe-2-420x300.jpg"},"gutener-420-200":{"file":"Photo-de-groupe-2-420x200.jpg","width":420,"height":200,"filesize":20922,"mime_type":"image\/jpeg","source_url":"https:\/\/credaf.org\/wp-content\/uploads\/2025\/10\/Photo-de-groupe-2-420x200.jpg"},"gutener-290-150":{"file":"Photo-de-groupe-2-290x150.jpg","width":290,"height":150,"filesize":11621,"mime_type":"image\/jpeg","source_url":"https:\/\/credaf.org\/wp-content\/uploads\/2025\/10\/Photo-de-groupe-2-290x150.jpg"},"gutener-80-60":{"file":"Photo-de-groupe-2-80x60.jpg","width":80,"height":60,"filesize":1754,"mime_type":"image\/jpeg","source_url":"https:\/\/credaf.org\/wp-content\/uploads\/2025\/10\/Photo-de-groupe-2-80x60.jpg"},"full":{"file":"Photo-de-groupe-2.jpg","width":1600,"height":1066,"mime_type":"image\/jpeg","source_url":"https:\/\/credaf.org\/wp-content\/uploads\/2025\/10\/Photo-de-groupe-2.jpg"}},"image_meta":{"aperture":"0","credit":"","camera":"","caption":"","created_timestamp":"0","copyright":"","focal_length":"0","iso":"0","shutter_speed":"0","title":"","orientation":"0","keywords":[]}},"post":11200,"source_url":"https:\/\/credaf.org\/wp-content\/uploads\/2025\/10\/Photo-de-groupe-2.jpg","_links":{"self":[{"href":"https:\/\/credaf.org\/en\/wp-json\/wp\/v2\/media\/11223","targetHints":{"allow":["GET"]}}],"collection":[{"href":"https:\/\/credaf.org\/en\/wp-json\/wp\/v2\/media"}],"about":[{"href":"https:\/\/credaf.org\/en\/wp-json\/wp\/v2\/types\/attachment"}],"author":[{"embeddable":true,"href":"https:\/\/credaf.org\/en\/wp-json\/wp\/v2\/users\/13"}],"replies":[{"embeddable":true,"href":"https:\/\/credaf.org\/en\/wp-json\/wp\/v2\/comments?post=11223"}],"wp:attached-to":[{"embeddable":true,"post_type":"post","id":11200,"href":"https:\/\/credaf.org\/en\/wp-json\/wp\/v2\/posts\/11200"}],"curies":[{"name":"wp","href":"https:\/\/api.w.org\/{rel}","templated":true}]}}

<!-- This site is optimized with the Yoast SEO plugin v27.5 - https://yoast.com/product/yoast-seo-wordpress/ -->
<title>- Photo de groupe 2</title>
<meta name="robots" content="index, follow, max-snippet:-1, max-image-preview:large, max-video-preview:-1" />
<link rel="canonical" href="https://credaf.org/wp-content/uploads/2025/10/Photo-de-groupe-2.jpg" />
<meta property="og:locale" content="en_US" />
<meta property="og:type" content="article" />
<meta property="og:title" content="- Photo de groupe 2" />
<meta property="og:url" content="https://credaf.org/wp-content/uploads/2025/10/Photo-de-groupe-2.jpg" />
<meta property="og:image" content="https://credaf.org/wp-content/uploads/2025/10/Photo-de-groupe-2.jpg" />
	<meta property="og:image:width" content="1600" />
	<meta property="og:image:height" content="1066" />
	<meta property="og:image:type" content="image/jpeg" />
<meta name="twitter:card" content="summary_large_image" />
<script type="application/ld+json" class="yoast-schema-graph">{"@context":"https:\/\/schema.org","@graph":[{"@type":"WebPage","@id":"https:\/\/credaf.org\/wp-content\/uploads\/2025\/10\/Photo-de-groupe-2.jpg","url":"https:\/\/credaf.org\/wp-content\/uploads\/2025\/10\/Photo-de-groupe-2.jpg","name":"- Photo de groupe 2","isPartOf":{"@id":"https:\/\/credaf.org\/#website"},"datePublished":"2025-10-02T13:28:31+00:00","breadcrumb":{"@id":"https:\/\/credaf.org\/wp-content\/uploads\/2025\/10\/Photo-de-groupe-2.jpg#breadcrumb"},"inLanguage":"en-US","potentialAction":[{"@type":"ReadAction","target":["https:\/\/credaf.org\/wp-content\/uploads\/2025\/10\/Photo-de-groupe-2.jpg"]}]},{"@type":"BreadcrumbList","@id":"https:\/\/credaf.org\/wp-content\/uploads\/2025\/10\/Photo-de-groupe-2.jpg#breadcrumb","itemListElement":[{"@type":"ListItem","position":1,"name":"Accueil","item":"https:\/\/credaf.org\/"},{"@type":"ListItem","position":2,"name":"Assemblée générale &amp; Conférence annuelle 2025","item":"https:\/\/credaf.org\/assemblee-generale-conference-annuelle-2025\/"},{"@type":"ListItem","position":3,"name":"Photo de groupe 2"}]},{"@type":"WebSite","@id":"https:\/\/credaf.org\/#website","url":"https:\/\/credaf.org\/","name":"","description":"","potentialAction":[{"@type":"SearchAction","target":{"@type":"EntryPoint","urlTemplate":"https:\/\/credaf.org\/?s={search_term_string}"},"query-input":{"@type":"PropertyValueSpecification","valueRequired":true,"valueName":"search_term_string"}}],"inLanguage":"en-US"}]}</script>
<!-- / Yoast SEO plugin. -->

Assemblée générale &amp; Conférence annuelle 2025
